 2977305299 a prime number?
True
Is 27604951007 a composite number?
True
Is 6760391179 a composite number?
False
Is 4365491219 composite?
True
Is 79073614439 prime?
False
Is 401286811 prime?
True
Is 79644809 a prime number?
False
Is 844313291 prime?
True
Is 477977483 a composite number?
False
Is 35971062679 a prime number?
True
Is 39003042733 composite?
True
Is 54580210849 composite?
False
Is 845030086 composite?
True
Is 599396709 prime?
False
Is 14576023133 prime?
False
Is 53840176679 composite?
True
Is 13888615019 a composite number?
False
Is 1022329747 a composite number?
False
Is 3447756251 prime?
True
Is 8024545873 composite?
False
Is 36384376189 a composite number?
True
Is 1543330419 prime?
False
Is 8900608631 prime?
False
Is 4954043359 composite?
False
Is 9736741253 prime?
False
Is 149940313 a composite number?
False
Is 18674813659 a prime number?
False
Is 50420315401 a prime number?
True
Is 200465779 a prime number?
True
Is 278439672623 composite?
True
Is 186163973 a composite number?
True
Is 155318263703 a composite number?
True
Is 216358074013 a composite number?
False
Is 3018770305 prime?
False
Is 1598888747 composite?
True
Is 3910855667 a prime number?
False
Is 1202756857 a prime number?
True
Is 964824611 a prime number?
True
Is 23459043239 a prime number?
False
Is 6636706997 composite?
False
Is 17312900273 prime?
True
Is 171617671417 a prime number?
True
Is 118503241 prime?
True
Is 4404202013 composite?
True
Is 4997276483 a composite number?
False
Is 219371209 composite?
False
Is 6949135177 a composite number?
False
Is 17931501267 a composite number?
True
Is 62518967413 a prime number?
False
Is 31560229 composite?
True
Is 1286983169 composite?
True
Is 253396931 a prime number?
False
Is 3008667197 a composite number?
False
Is 758098079 a composite number?
True
Is 14779650377 a prime number?
True
Is 2608438561 prime?
False
Is 287909777 prime?
False
Is 10351325183 prime?
True
Is 2400546461 a prime number?
True
Is 1315531627 a composite number?
True
Is 12485141231 a prime number?
True
Is 91985273 a composite number?
False
Is 31100846363 prime?
True
Is 3035065769 prime?
True
Is 3135460547 composite?
False
Is 169676310851 a composite number?
False
Is 22049218106 prime?
False
Is 69034891477 prime?
False
Is 723036221 prime?
False
Is 4082687867 a prime number?
False
Is 858399079 a prime number?
False
Is 6045400751 composite?
True
Is 7086792619 prime?
True
Is 119565063869 a composite number?
False
Is 6707369051 a prime number?
False
Is 30578490329 a prime number?
False
Is 324500860954 composite?
True
Is 21449917235 a composite number?
True
Is 42338465273 prime?
False
Is 1670664019 prime?
True
Is 1505499269 a prime number?
True
Is 47878745663 composite?
True
Is 1514009667 a composite number?
True
Is 728321563 composite?
False
Is 6187471849 a composite number?
True
Is 175880741 composite?
False
Is 3007214603 a composite number?
True
Is 2713387723 composite?
False
Is 150067613 a prime number?
False
Is 247900609 prime?
False
Is 1046863877 composite?
True
Is 6767387215 composite?
True
Is 12184804487 a composite number?
False
Is 12925552843 prime?
False
Is 14735407469 prime?
False
Is 380702617 prime?
True
Is 14130850399 composite?
False
Is 13048360593 prime?
False
Is 116702977421 a prime number?
False
Is 23009111327 a prime number?
True
Is 90088109 composite?
False
Is 3265418243 a prime number?
True
Is 8223820753 composite?
True
Is 423019973 a prime number?
False
Is 971773321 a composite number?
False
Is 20987389 prime?
True
Is 1971614537 composite?
False
Is 2227525493 composite?
False
Is 30988741297 prime?
False
Is 2320763807 a prime number?
True
Is 36188171 composite?
False
Is 11881748323 prime?
True
Is 177332761 a composite number?
False
Is 2585289149 a prime number?
True
Is 2398827763 a prime number?
True
Is 3105462571 a prime number?
False
Is 1594021361 prime?
True
Is 98642218111 a composite number?
False
Is 177678097 prime?
False
Is 8103705539 a composite number?
False
Is 20918399279 prime?
False
Is 5728913081 prime?
True
Is 1357912379 a composite number?
True
Is 264888973 a composite number?
True
Is 507114383 prime?
True
Is 1219512409 prime?
True
Is 468641827 a composite number?
True
Is 35955153746 composite?
True
Is 644318323234 composite?
True
Is 15911016283 prime?
True
Is 21615383 a prime number?
False
Is 75990535241 a composite number?
False
Is 5747999281 a composite number?
False
Is 3312275297 prime?
True
Is 178179553 a prime number?
True
Is 40597674213 a prime number?
False
Is 638963531 a composite number?
True
Is 1684637923 prime?
False
Is 6053748529 a prime number?
True
Is 2622892321 a composite number?
True
Is 49560346141 composite?
True
Is 28927614883 a composite number?
False
Is 26158465807 prime?
True
Is 45799966913 composite?
False
Is 202953697 a prime number?
True
Is 77995241981 prime?
False
Is 52278137167 a prime number?
True
Is 5810492209 prime?
True
Is 534490171 a prime number?
True
Is 83696031589 a prime number?
False
Is 32327086541 a prime number?
True
Is 674057621 prime?
True
Is 357014782459 a composite number?
False
Is 7132939703 a composite number?
False
Is 19695884741 prime?
False
Is 3301956137 composite?
True
Is 11790515473 a composite number?
True
Is 954929659 prime?
True
Is 6154681517 prime?
False
Is 6290207611 prime?
True
Is 54590994103 a prime number?
True
Is 5849732657 prime?
False
Is 3977655001 a composite number?
True
Is 970088663 a prime number?
False
Is 545354501 a composite number?
False
Is 120580232579 composite?
False
Is 2768809231 a prime number?
True
Is 2463852973 a prime number?
False
Is 73802231219 composite?
True
Is 65818551 composite?
True
Is 6836464657 prime?
False
Is 692098013 a composite number?
False
Is 4242247931 prime?
False
Is 10465573051 a prime number?
True
Is 5592756503 a prime number?
False
Is 20067590201 a prime number?
False
Is 145547547331 a prime number?
False
Is 12224492597 a prime number?
True
Is 4905139702 a composite number?
True
Is 12166326257 a composite number?
False
Is 5163194059 composite?
True
Is 365763803 a prime number?
True
Is 9705650033 composite?
False
Is 15952327 prime?
True
Is 41638286357 a composite number?
False
Is 944121203 a prime number?
True
Is 3293134183 composite?
False
Is 238964449 a composite number?
False
Is 2054887283 composite?
False
Is 1476203249 composite?
False
Is 6431197819 a composite number?
False
Is 20689661621 a prime number?
False
Is 7182585581 a prime number?
False
Is 36004640213 a composite number?
True
Is 1578203563 a prime number?
True
Is 19622130673 composite?
True
Is 52679525369 prime?
False
Is 301009459 prime?
False
Is 14979300269 composite?
False
Is 2705341057 a composite number?
False
Is 6783230093 prime?
False
Is 69185033 prime?
False
Is 1697273719 a prime number?
False
Is 7227559631 a prime number?
True
Is 304464257 composite?
True
Is 13308352973 a prime number?
True
Is 13346515351 composite?
True
Is 733643327 a prime number?
True
Is 818203751 composite?
True
Is 208663763839 a prime number?
False
Is 1886998483 a prime number?
False
Is 9012877117 prime?
True
Is 852036657 a prime number?
False
Is 17249542 a composite number?
True
Is 632357513 a composite number?
False
Is 101649093307 a prime number?
False
Is 504989393 a composite number?
False
Is 8239266661 composite?
False
Is 46471722491 prime?
False
Is 8216790991 a composite number?
True
Is 2043005593 a composite number?
False
Is 3597018143 composite?
False
Is 57299899469 prime?
False
Is 31273129 a composite number?
True
Is 1139767813 composite?
True
Is 20508393953 prime?
True
Is 4946531687 a prime number?
False
Is 27026633 prime?
False
Is 5140141907 prime?
True
Is 166684151 a prime number?
False
Is 19838357051 a prime number?
True
Is 28664813 a composite number?
True
Is 9988135765 a composite number?
True
Is 1327215541 composite?
False
Is 243543241 a composite number?
True
Is 1852860533 a composite number?
False
Is 11223663587 a prime number?
True
Is 7872428965 a prime number?
False
Is 11912079867 a composite number?
True
Is 797252579 composite?
True
Is 11136608531 a prime number?
False
Is 810863699 composite?
False
Is 14369058545 a prime number?
False
Is 256614245 a prime number?
False
Is 56503013 a prime number?
False
Is 679301443 composite?
False
Is 223655548781 a composite n